{"id":9879,"date":"2024-03-13T15:57:44","date_gmt":"2024-03-13T18:57:44","guid":{"rendered":"https:\/\/meriti.rj.gov.br\/inicio\/?page_id=9879"},"modified":"2024-03-27T21:02:34","modified_gmt":"2024-03-28T00:02:34","slug":"recomecar","status":"publish","type":"page","link":"https:\/\/meriti.rj.gov.br\/inicio\/recomecar\/","title":{"rendered":"Recome\u00e7ar"},"content":{"rendered":"\t\t<div data-elementor-type=\"wp-page\" data-elementor-id=\"9879\" class=\"elementor elementor-9879\" data-elementor-post-type=\"page\">\n\t\t\t\t<div class=\"elementor-element elementor-element-2887b50 e-flex e-con-boxed e-con e-parent\" data-id=\"2887b50\" data-element_type=\"container\" data-e-type=\"container\">\n\t\t\t\t\t<div class=\"e-con-inner\">\n\t\t\t\t<div class=\"elementor-element elementor-element-fdd2014 elementor-widget elementor-widget-heading\" data-id=\"fdd2014\" data-element_type=\"widget\" data-e-type=\"widget\" data-widget_type=\"heading.default\">\n\t\t\t\t<div class=\"elementor-widget-container\">\n\t\t\t\t\t<h2 class=\"elementor-heading-title elementor-size-default\">Lista de Selecionados do Cart\u00e3o Recome\u00e7ar - 1\u00ba Lote - S\u00e3o Jo\u00e3o de Meriti<\/h2>\t\t\t\t<\/div>\n\t\t\t\t<\/div>\n\t\t\t\t\t<\/div>\n\t\t\t\t<\/div>\n\t\t<div class=\"elementor-element elementor-element-b0b58e1 e-flex e-con-boxed e-con e-parent\" data-id=\"b0b58e1\" data-element_type=\"container\" data-e-type=\"container\">\n\t\t\t\t\t<div class=\"e-con-inner\">\n\t\t\t\t<div class=\"elementor-element elementor-element-4a371ce elementor-widget elementor-widget-text-editor\" data-id=\"4a371ce\" data-element_type=\"widget\" data-e-type=\"widget\" data-widget_type=\"text-editor.default\">\n\t\t\t\t<div class=\"elementor-widget-container\">\n\t\t\t\t\t\t\t\t\t<p><strong><span style=\"color: #ff0000;\">Caso seu nome n\u00e3o esteja nesta listagem, favor aguardar novas informa\u00e7\u00f5es!<\/span><\/strong><\/p>\n<p>A entrega aos benefici\u00e1rios contemplados ser\u00e1 realizada no dia <strong>02 de abril de 2024, \u00e0s 16h, na Escola Municipal Gra\u00e7a Grij\u00f3<\/strong>, localizada \u00e0 <strong>Rua Paulo Soares do Nascimento, 305 &#8211; Vilar dos Teles<\/strong>.<\/p>\n<p><span style=\"color: #ff0000;\"><strong>ATEN\u00c7\u00c3O!<\/strong><\/span><br>O Cart\u00e3o Recome\u00e7ar ser\u00e1 entregue mediante a apresenta\u00e7\u00e3o de originais e c\u00f3pias do:<\/p>\n<ul>\n<li>Documento oficial com foto<\/li>\n<li>CPF e<\/li>\n<li>Comprovante de resid\u00eancia.<\/li>\n<\/ul>\n<p>\u27a1\ufe0f&nbsp;<a href=\"https:\/\/meriti.rj.gov.br\/inicio\/wp-content\/uploads\/2024\/03\/RECOMECAR-LOTE1-SJM.pdf\"><strong>ACESSE AQUI A LISTA DE SELECIONADOS DO 1\u00ba LOTE<\/strong><\/a><\/p>\t\t\t\t\t\t\t\t<\/div>\n\t\t\t\t<\/div>\n\t\t\t\t\t<\/div>\n\t\t\t\t<\/div>\n\t\t\t\t<\/div>\n\t\t","protected":false},"excerpt":{"rendered":"<p>Lista de Selecionados do Cart\u00e3o Recome\u00e7ar &#8211; 1\u00ba Lote &#8211; S\u00e3o Jo\u00e3o de Meriti Caso seu nome n\u00e3o esteja nesta listagem, favor aguardar novas informa\u00e7\u00f5es!&hellip;<\/p>\n","protected":false},"author":2,"featured_media":0,"parent":0,"menu_order":0,"comment_status":"closed","ping_status":"closed","template":"","meta":{"footnotes":""},"class_list":["post-9879","page","type-page","status-publish","hentry"],"yoast_head":"<!-- This site is optimized with the Yoast SEO plugin v27.3 - https:\/\/yoast.com\/product\/yoast-seo-wordpress\/ -->\n<title>Recome\u00e7ar - Prefeitura Municipal de S\u00e3o Jo\u00e3o de Meriti<\/title>\n<meta name=\"robots\" content=\"index, follow, max-snippet:-1, max-image-preview:large, max-video-preview:-1\" \/>\n<link rel=\"canonical\" href=\"https:\/\/meriti.rj.gov.br\/inicio\/recomecar\/\" \/>\n<meta property=\"og:locale\" content=\"pt_BR\" \/>\n<meta property=\"og:type\" content=\"article\" \/>\n<meta property=\"og:title\" content=\"Recome\u00e7ar - Prefeitura Municipal de S\u00e3o Jo\u00e3o de Meriti\" \/>\n<meta property=\"og:description\" content=\"Lista de Selecionados do Cart\u00e3o Recome\u00e7ar &#8211; 1\u00ba Lote &#8211; S\u00e3o Jo\u00e3o de Meriti Caso seu nome n\u00e3o esteja nesta listagem, favor aguardar novas informa\u00e7\u00f5es!&hellip;\" \/>\n<meta property=\"og:url\" content=\"https:\/\/meriti.rj.gov.br\/inicio\/recomecar\/\" \/>\n<meta property=\"og:site_name\" content=\"Prefeitura Municipal de S\u00e3o Jo\u00e3o de Meriti\" \/>\n<meta property=\"article:modified_time\" content=\"2024-03-28T00:02:34+00:00\" \/>\n<meta name=\"twitter:card\" content=\"summary_large_image\" \/>\n<script type=\"application\/ld+json\" class=\"yoast-schema-graph\">{\"@context\":\"https:\\\/\\\/schema.org\",\"@graph\":[{\"@type\":\"WebPage\",\"@id\":\"https:\\\/\\\/meriti.rj.gov.br\\\/inicio\\\/recomecar\\\/\",\"url\":\"https:\\\/\\\/meriti.rj.gov.br\\\/inicio\\\/recomecar\\\/\",\"name\":\"Recome\u00e7ar - Prefeitura Municipal de S\u00e3o Jo\u00e3o de Meriti\",\"isPartOf\":{\"@id\":\"https:\\\/\\\/meriti.rj.gov.br\\\/inicio\\\/#website\"},\"datePublished\":\"2024-03-13T18:57:44+00:00\",\"dateModified\":\"2024-03-28T00:02:34+00:00\",\"breadcrumb\":{\"@id\":\"https:\\\/\\\/meriti.rj.gov.br\\\/inicio\\\/recomecar\\\/#breadcrumb\"},\"inLanguage\":\"pt-BR\",\"potentialAction\":[{\"@type\":\"ReadAction\",\"target\":[\"https:\\\/\\\/meriti.rj.gov.br\\\/inicio\\\/recomecar\\\/\"]}]},{\"@type\":\"BreadcrumbList\",\"@id\":\"https:\\\/\\\/meriti.rj.gov.br\\\/inicio\\\/recomecar\\\/#breadcrumb\",\"itemListElement\":[{\"@type\":\"ListItem\",\"position\":1,\"name\":\"In\u00edcio\",\"item\":\"https:\\\/\\\/meriti.rj.gov.br\\\/inicio\\\/\"},{\"@type\":\"ListItem\",\"position\":2,\"name\":\"Recome\u00e7ar\"}]},{\"@type\":\"WebSite\",\"@id\":\"https:\\\/\\\/meriti.rj.gov.br\\\/inicio\\\/#website\",\"url\":\"https:\\\/\\\/meriti.rj.gov.br\\\/inicio\\\/\",\"name\":\"portal.meriti\",\"description\":\"Prefeitura Municipal de S\u00e3o Jo\u00e3o de Meriti\",\"publisher\":{\"@id\":\"https:\\\/\\\/meriti.rj.gov.br\\\/inicio\\\/#organization\"},\"potentialAction\":[{\"@type\":\"SearchAction\",\"target\":{\"@type\":\"EntryPoint\",\"urlTemplate\":\"https:\\\/\\\/meriti.rj.gov.br\\\/inicio\\\/?s={search_term_string}\"},\"query-input\":{\"@type\":\"PropertyValueSpecification\",\"valueRequired\":true,\"valueName\":\"search_term_string\"}}],\"inLanguage\":\"pt-BR\"},{\"@type\":\"Organization\",\"@id\":\"https:\\\/\\\/meriti.rj.gov.br\\\/inicio\\\/#organization\",\"name\":\"Prefeitura Municipal de S\u00e3o Jo\u00e3o de Meriti\",\"url\":\"https:\\\/\\\/meriti.rj.gov.br\\\/inicio\\\/\",\"logo\":{\"@type\":\"ImageObject\",\"inLanguage\":\"pt-BR\",\"@id\":\"https:\\\/\\\/meriti.rj.gov.br\\\/inicio\\\/#\\\/schema\\\/logo\\\/image\\\/\",\"url\":\"https:\\\/\\\/meriti.rj.gov.br\\\/inicio\\\/wp-content\\\/uploads\\\/2023\\\/04\\\/cropped-logo.png\",\"contentUrl\":\"https:\\\/\\\/meriti.rj.gov.br\\\/inicio\\\/wp-content\\\/uploads\\\/2023\\\/04\\\/cropped-logo.png\",\"width\":512,\"height\":512,\"caption\":\"Prefeitura Municipal de S\u00e3o Jo\u00e3o de Meriti\"},\"image\":{\"@id\":\"https:\\\/\\\/meriti.rj.gov.br\\\/inicio\\\/#\\\/schema\\\/logo\\\/image\\\/\"}}]}<\/script>\n<!-- \/ Yoast SEO plugin. -->","yoast_head_json":{"title":"Recome\u00e7ar - Prefeitura Municipal de S\u00e3o Jo\u00e3o de Meriti","robots":{"index":"index","follow":"follow","max-snippet":"max-snippet:-1","max-image-preview":"max-image-preview:large","max-video-preview":"max-video-preview:-1"},"canonical":"https:\/\/meriti.rj.gov.br\/inicio\/recomecar\/","og_locale":"pt_BR","og_type":"article","og_title":"Recome\u00e7ar - Prefeitura Municipal de S\u00e3o Jo\u00e3o de Meriti","og_description":"Lista de Selecionados do Cart\u00e3o Recome\u00e7ar &#8211; 1\u00ba Lote &#8211; S\u00e3o Jo\u00e3o de Meriti Caso seu nome n\u00e3o esteja nesta listagem, favor aguardar novas informa\u00e7\u00f5es!&hellip;","og_url":"https:\/\/meriti.rj.gov.br\/inicio\/recomecar\/","og_site_name":"Prefeitura Municipal de S\u00e3o Jo\u00e3o de Meriti","article_modified_time":"2024-03-28T00:02:34+00:00","twitter_card":"summary_large_image","schema":{"@context":"https:\/\/schema.org","@graph":[{"@type":"WebPage","@id":"https:\/\/meriti.rj.gov.br\/inicio\/recomecar\/","url":"https:\/\/meriti.rj.gov.br\/inicio\/recomecar\/","name":"Recome\u00e7ar - Prefeitura Municipal de S\u00e3o Jo\u00e3o de Meriti","isPartOf":{"@id":"https:\/\/meriti.rj.gov.br\/inicio\/#website"},"datePublished":"2024-03-13T18:57:44+00:00","dateModified":"2024-03-28T00:02:34+00:00","breadcrumb":{"@id":"https:\/\/meriti.rj.gov.br\/inicio\/recomecar\/#breadcrumb"},"inLanguage":"pt-BR","potentialAction":[{"@type":"ReadAction","target":["https:\/\/meriti.rj.gov.br\/inicio\/recomecar\/"]}]},{"@type":"BreadcrumbList","@id":"https:\/\/meriti.rj.gov.br\/inicio\/recomecar\/#breadcrumb","itemListElement":[{"@type":"ListItem","position":1,"name":"In\u00edcio","item":"https:\/\/meriti.rj.gov.br\/inicio\/"},{"@type":"ListItem","position":2,"name":"Recome\u00e7ar"}]},{"@type":"WebSite","@id":"https:\/\/meriti.rj.gov.br\/inicio\/#website","url":"https:\/\/meriti.rj.gov.br\/inicio\/","name":"portal.meriti","description":"Prefeitura Municipal de S\u00e3o Jo\u00e3o de Meriti","publisher":{"@id":"https:\/\/meriti.rj.gov.br\/inicio\/#organization"},"potentialAction":[{"@type":"SearchAction","target":{"@type":"EntryPoint","urlTemplate":"https:\/\/meriti.rj.gov.br\/inicio\/?s={search_term_string}"},"query-input":{"@type":"PropertyValueSpecification","valueRequired":true,"valueName":"search_term_string"}}],"inLanguage":"pt-BR"},{"@type":"Organization","@id":"https:\/\/meriti.rj.gov.br\/inicio\/#organization","name":"Prefeitura Municipal de S\u00e3o Jo\u00e3o de Meriti","url":"https:\/\/meriti.rj.gov.br\/inicio\/","logo":{"@type":"ImageObject","inLanguage":"pt-BR","@id":"https:\/\/meriti.rj.gov.br\/inicio\/#\/schema\/logo\/image\/","url":"https:\/\/meriti.rj.gov.br\/inicio\/wp-content\/uploads\/2023\/04\/cropped-logo.png","contentUrl":"https:\/\/meriti.rj.gov.br\/inicio\/wp-content\/uploads\/2023\/04\/cropped-logo.png","width":512,"height":512,"caption":"Prefeitura Municipal de S\u00e3o Jo\u00e3o de Meriti"},"image":{"@id":"https:\/\/meriti.rj.gov.br\/inicio\/#\/schema\/logo\/image\/"}}]}},"_links":{"self":[{"href":"https:\/\/meriti.rj.gov.br\/inicio\/wp-json\/wp\/v2\/pages\/9879","targetHints":{"allow":["GET"]}}],"collection":[{"href":"https:\/\/meriti.rj.gov.br\/inicio\/wp-json\/wp\/v2\/pages"}],"about":[{"href":"https:\/\/meriti.rj.gov.br\/inicio\/wp-json\/wp\/v2\/types\/page"}],"author":[{"embeddable":true,"href":"https:\/\/meriti.rj.gov.br\/inicio\/wp-json\/wp\/v2\/users\/2"}],"replies":[{"embeddable":true,"href":"https:\/\/meriti.rj.gov.br\/inicio\/wp-json\/wp\/v2\/comments?post=9879"}],"version-history":[{"count":8,"href":"https:\/\/meriti.rj.gov.br\/inicio\/wp-json\/wp\/v2\/pages\/9879\/revisions"}],"predecessor-version":[{"id":9935,"href":"https:\/\/meriti.rj.gov.br\/inicio\/wp-json\/wp\/v2\/pages\/9879\/revisions\/9935"}],"wp:attachment":[{"href":"https:\/\/meriti.rj.gov.br\/inicio\/wp-json\/wp\/v2\/media?parent=9879"}],"curies":[{"name":"wp","href":"https:\/\/api.w.org\/{rel}","templated":true}]}}

Recomeçar

<div data-elementor-type="wp-page" data-elementor-id="9879" class="elementor elementor-9879" data-elementor-post-type="page">
				<div class="elementor-element elementor-element-2887b50 e-flex e-con-boxed e-con e-parent" data-id="2887b50" data-element_type="container" data-e-type="container">
					<div class="e-con-inner">
				<div class="elementor-element elementor-element-fdd2014 elementor-widget elementor-widget-heading" data-id="fdd2014" data-element_type="widget" data-e-type="widget" data-widget_type="heading.default">
				<div class="elementor-widget-container">
					<h2 class="elementor-heading-title elementor-size-default">Lista de Selecionados do Cartão Recomeçar - 1º Lote - São João de Meriti</h2>				</div>
				</div>
					</div>
				</div>
		<div class="elementor-element elementor-element-b0b58e1 e-flex e-con-boxed e-con e-parent" data-id="b0b58e1" data-element_type="container" data-e-type="container">
					<div class="e-con-inner">
				<div class="elementor-element elementor-element-4a371ce elementor-widget elementor-widget-text-editor" data-id="4a371ce" data-element_type="widget" data-e-type="widget" data-widget_type="text-editor.default">
				<div class="elementor-widget-container">
									<p><strong><span style="color: #ff0000;">Caso seu nome não esteja nesta listagem, favor aguardar novas informações!</span></strong></p>
<p>A entrega aos beneficiários contemplados será realizada no dia <strong>02 de abril de 2024, às 16h, na Escola Municipal Graça Grijó</strong>, localizada à <strong>Rua Paulo Soares do Nascimento, 305 &#8211; Vilar dos Teles</strong>.</p>
<p><span style="color: #ff0000;"><strong>ATENÇÃO!</strong></span><br>O Cartão Recomeçar será entregue mediante a apresentação de originais e cópias do:</p>
<ul>
<li>Documento oficial com foto</li>
<li>CPF e</li>
<li>Comprovante de residência.</li>
</ul>
<p>➡️&nbsp;<a href="https://meriti.rj.gov.br/inicio/wp-content/uploads/2024/03/RECOMECAR-LOTE1-SJM.pdf"><strong>ACESSE AQUI A LISTA DE SELECIONADOS DO 1º LOTE</strong></a></p>								</div>
				</div>
					</div>
				</div>
				</div>

<p>Lista de Selecionados do Cartão Recomeçar &#8211; 1º Lote &#8211; São João de Meriti Caso seu nome não esteja nesta listagem, favor aguardar novas informações!&hellip;</p>

<!-- This site is optimized with the Yoast SEO plugin v27.3 - https://yoast.com/product/yoast-seo-wordpress/ -->
<title>Recomeçar - Prefeitura Municipal de São João de Meriti</title>
<meta name="robots" content="index, follow, max-snippet:-1, max-image-preview:large, max-video-preview:-1" />
<link rel="canonical" href="https://meriti.rj.gov.br/inicio/recomecar/" />
<meta property="og:locale" content="pt_BR" />
<meta property="og:type" content="article" />
<meta property="og:title" content="Recomeçar - Prefeitura Municipal de São João de Meriti" />
<meta property="og:description" content="Lista de Selecionados do Cartão Recomeçar &#8211; 1º Lote &#8211; São João de Meriti Caso seu nome não esteja nesta listagem, favor aguardar novas informações!&hellip;" />
<meta property="og:url" content="https://meriti.rj.gov.br/inicio/recomecar/" />
<meta property="og:site_name" content="Prefeitura Municipal de São João de Meriti" />
<meta property="article:modified_time" content="2024-03-28T00:02:34+00:00" />
<meta name="twitter:card" content="summary_large_image" />
<script type="application/ld+json" class="yoast-schema-graph">{"@context":"https:\/\/schema.org","@graph":[{"@type":"WebPage","@id":"https:\/\/meriti.rj.gov.br\/inicio\/recomecar\/","url":"https:\/\/meriti.rj.gov.br\/inicio\/recomecar\/","name":"Recomeçar - Prefeitura Municipal de São João de Meriti","isPartOf":{"@id":"https:\/\/meriti.rj.gov.br\/inicio\/#website"},"datePublished":"2024-03-13T18:57:44+00:00","dateModified":"2024-03-28T00:02:34+00:00","breadcrumb":{"@id":"https:\/\/meriti.rj.gov.br\/inicio\/recomecar\/#breadcrumb"},"inLanguage":"pt-BR","potentialAction":[{"@type":"ReadAction","target":["https:\/\/meriti.rj.gov.br\/inicio\/recomecar\/"]}]},{"@type":"BreadcrumbList","@id":"https:\/\/meriti.rj.gov.br\/inicio\/recomecar\/#breadcrumb","itemListElement":[{"@type":"ListItem","position":1,"name":"Início","item":"https:\/\/meriti.rj.gov.br\/inicio\/"},{"@type":"ListItem","position":2,"name":"Recomeçar"}]},{"@type":"WebSite","@id":"https:\/\/meriti.rj.gov.br\/inicio\/#website","url":"https:\/\/meriti.rj.gov.br\/inicio\/","name":"portal.meriti","description":"Prefeitura Municipal de São João de Meriti","publisher":{"@id":"https:\/\/meriti.rj.gov.br\/inicio\/#organization"},"potentialAction":[{"@type":"SearchAction","target":{"@type":"EntryPoint","urlTemplate":"https:\/\/meriti.rj.gov.br\/inicio\/?s={search_term_string}"},"query-input":{"@type":"PropertyValueSpecification","valueRequired":true,"valueName":"search_term_string"}}],"inLanguage":"pt-BR"},{"@type":"Organization","@id":"https:\/\/meriti.rj.gov.br\/inicio\/#organization","name":"Prefeitura Municipal de São João de Meriti","url":"https:\/\/meriti.rj.gov.br\/inicio\/","logo":{"@type":"ImageObject","inLanguage":"pt-BR","@id":"https:\/\/meriti.rj.gov.br\/inicio\/#\/schema\/logo\/image\/","url":"https:\/\/meriti.rj.gov.br\/inicio\/wp-content\/uploads\/2023\/04\/cropped-logo.png","contentUrl":"https:\/\/meriti.rj.gov.br\/inicio\/wp-content\/uploads\/2023\/04\/cropped-logo.png","width":512,"height":512,"caption":"Prefeitura Municipal de São João de Meriti"},"image":{"@id":"https:\/\/meriti.rj.gov.br\/inicio\/#\/schema\/logo\/image\/"}}]}</script>
<!-- / Yoast SEO plugin. -->

Recomeçar - Prefeitura Municipal de São João de Meriti

Lista de Selecionados do Cartão Recomeçar &#8211; 1º Lote &#8211; São João de Meriti Caso seu nome não esteja nesta listagem, favor aguardar novas informações!&hellip;

Prefeitura Municipal de São João de Meriti

Início
