{"id":11916,"date":"2024-07-09T17:28:36","date_gmt":"2024-07-09T20:28:36","guid":{"rendered":"https:\/\/meriti.rj.gov.br\/inicio\/?page_id=11916"},"modified":"2024-07-09T17:30:24","modified_gmt":"2024-07-09T20:30:24","slug":"levando-cidadania-2","status":"publish","type":"page","link":"https:\/\/meriti.rj.gov.br\/inicio\/levando-cidadania-2\/","title":{"rendered":"LEVANDO-CIDADANIA"},"content":{"rendered":"\t\t<div data-elementor-type=\"wp-page\" data-elementor-id=\"11916\" class=\"elementor elementor-11916\" data-elementor-post-type=\"page\">\n\t\t\t\t<div class=\"elementor-element elementor-element-e24b851 e-flex e-con-boxed e-con e-parent\" data-id=\"e24b851\" data-element_type=\"container\" data-e-type=\"container\">\n\t\t\t\t\t<div class=\"e-con-inner\">\n\t\t\t\t<div class=\"elementor-element elementor-element-7a249f0 elementor-widget elementor-widget-text-editor\" data-id=\"7a249f0\" data-element_type=\"widget\" data-e-type=\"widget\" data-widget_type=\"text-editor.default\">\n\t\t\t\t<div class=\"elementor-widget-container\">\n\t\t\t\t\t\t\t\t\t<p>\u00a0 \u00a0 \u00a0 \u00a0 \u00a0 \u00a0 \u00a0 \u00a0 \u00a0 \u00a0 \u00a0 \u00a0 \u00a0 \u00a0 \u00a0 \u00a0 \u00a0 \u00a0 \u00a0 \u00a0 \u00a0 \u00a0 \u00a0 \u00a0 \u00a0 \u00a0 \u00a0 \u00a0 \u00a0 \u00a0 \u00a0 \u00a0 \u00a0 \u00a0 \u00a0 \u00a0 \u00a0 Poder Judici\u00e1rio do Estado do Rio de Janeiro<\/p><p><br \/>PROJETO JUSTI\u00c7A ITINERANTE LEVANDO CIDADANIA<br \/>DIA: 27\/07\/2024 \u2013 S\u00e1bado \u2013 das 9:00h \u00e0s 15:00h<br \/>LOCAL: Escola Municipal Professor Milton Machado, 230 \u2013 \u00c9DEN &#8211;<br \/>S\u00c3O JO\u00c3O DE MERITI\/RJ<br \/>TIPOS DE ATENDIMENTOS<br \/>SEU REGISTRO DE NASCIMENTO OU DE CASAMENTO EST\u00c1 COM<br \/>ALGUM ERRO?<br \/>RETIFICA\u00c7\u00c3O DE REGISTRO CIVIL<br \/>Compare\u00e7a com c\u00f3pia da identidade, CPF e comprovante de resid\u00eancia, mais:<br \/>1 &#8211; Registro que precisa ser consertado (nascimento, casamento ou \u00f3bito);<br \/>2 &#8211; Identidade, CPF e comprovante de resid\u00eancia.<br \/>VOC\u00ca QUE \u00c9 PAI OU M\u00c3E VERDADEIRO\/A QUER COLOCAR SEU NOME<br \/>NA CERTID\u00c3O DE SEU FILHO?<br \/>RECONHECIMENTO DE PATERNIDADE OU DE MATERNIDADE<br \/>Compare\u00e7a com c\u00f3pia da identidade, CPF e comprovante de resid\u00eancia, mais:<br \/>1 &#8211; Certid\u00e3o original da pessoa que vai ser reconhecida;<br \/>2 &#8211; Documentos originais de quem vai reconhecer (Identidade, CPF, comprovante de resid\u00eancia);<br \/>3 &#8211; Se for menor, consentimento do genitor que conste no registro.<br \/>VOC\u00ca QUER REGISTRAR O SEU FILHO MENOR DE 12 ANOS E J\u00c1<br \/>PASSOU DO PRAZO PARA O REGISTRO?<br \/>REGISTRO DE NASCIMENTO FORA DO PRAZO (DEPOIS DE 15 DIAS DE NASCIMENTO AT\u00c9<br \/>12 ANOS)<br \/>Compare\u00e7a com c\u00f3pia da identidade, CPF e comprovante de resid\u00eancia, mais:<br \/>1 &#8211; DNV (Documento do Hospital);<br \/>2 &#8211; Documento dos Pais (Identidade, CPF e comprovante de resid\u00eancia;<br \/>3 &#8211; 2(duas) testemunhas, da gravidez e do parto se n\u00e3o tiver o DNV, com documentos ldentidade, CPF<br \/>e comprovante de resid\u00eancia).<br \/>SE O CASAL EST\u00c1 SEPARADO E QUER SE DIVORCIAR?<br \/>ACORDO DE DIV\u00d3RCIO<br \/>Compare\u00e7am com c\u00f3pia da identidade, CPF e comprovante de resid\u00eancia, mais:<br \/>1 &#8211; Certid\u00e3o de casamento;<br \/>2 &#8211; Certid\u00e3o de Nascimento (filhos menores);<br \/>3 &#8211; Documentos de im\u00f3veis adquiridos durante o casamento (se houver bens);<br \/>4 &#8211; Carteira de identidade, CPF e<br \/>5 &#8211; Comprovante de resid\u00eancia dos dois.<br \/>VOC\u00ca QUER PEDIR PENS\u00c3O (ALIMENTOS)?<br \/>Compare\u00e7a com c\u00f3pia da identidade, CPF e comprovante de resid\u00eancia, mais:<br \/>1 &#8211; Certid\u00e3o de Casamento (se for casado)<br \/>2 &#8211; Certid\u00e3o de Nascimento dos filhos menores<br \/>3 &#8211; Carteira de Identidade, CPF e comprovante de resid\u00eancia dos dois<br \/>SEU FILHO MAIOR DE 12 ANOS N\u00c3O TEM CERTID\u00c3O DE NASCIMENTO<br \/>OU SE VOC\u00ca TAMB\u00c9M NUNCA TEVE CERTID\u00c3O DE NASCIMENTO?<br \/>REGISTRO DE NASCIMENTO TARDIO<br \/>Compare\u00e7a com c\u00f3pia da identidade, CPF e comprovante de resid\u00eancia, mais:<br \/>1 &#8211; Qualquer informa\u00e7\u00e3o sobre o nascimento;<br \/>2 &#8211; Levar os documentos de identifica\u00e7\u00e3o que tiver e puder.<br \/>VOC\u00ca QUER PEDIR GUARDA DE CRIAN\u00c7A\/ADOLESCENTE?<br \/>GUARDA DE MENOR<br \/>Compare\u00e7a com c\u00f3pia da identidade, CPF e comprovante de resid\u00eancia, mais:<br \/>1 &#8211; Certid\u00e3o de Nascimento original da crian\u00e7a\/adolescente<br \/>2 &#8211; Documentos originais de Identidade dos genitores e do requerente da guarda;<br \/>3 &#8211; Presen\u00e7a das testemunhas (com Identidade e CPF)<br \/>SE VOC\u00ca \u00c9 UMA PESSOA TRANG\u00caNERO, TRAVESTI ou N\u00c3O BIN\u00c1RIA<br \/>QUER SOLICITAR A TROCA DE NOME E SEXO EM SUA CERTID\u00c3O DE<br \/>NASCIMENTO?<br \/>REQUALIFICA\u00c7\u00c3O CIVIL DE NOME E G\u00caNERO<br \/>Compare\u00e7a com c\u00f3pia da identidade, CPF e comprovante de resid\u00eancia, mais:<br \/>1. Certid\u00e3o de Nascimento (original e c\u00f3pia)<br \/>2. Certid\u00e3o de Casamento se for casado ou divorciado<br \/>3. Indicar o novo nome<\/p><p>VOC\u00ca QUER PEDIR INTERDI\u00c7\u00c3O DE PACIENTE PORTADOR DE<br \/>ANOMALIA PS\u00cdQUICA OU DOEN\u00c7A MENTAL?<br \/>Compare\u00e7a com c\u00f3pia da identidade, CPF e comprovante de resid\u00eancia, mais:<br \/>1 \u2013 Certid\u00e3o de nascimento \/ casamento do interditando;<br \/>2 \u2013 Certid\u00e3o de nascimento \/ casamento do requerente;<br \/>3 \u2013 Prova preliminar de incapacidade do interditando (atestado m\u00e9dico);<br \/>4 \u2013 Concord\u00e2ncia do c\u00f4njuge do requerente com o pedido;<br \/>5 \u2013 Concord\u00e2ncia dos pais do interditando com o pedido, ou certid\u00e3o de \u00f3bito, se falecido<br \/>6 \u2013 Atestado de sa\u00fade f\u00edsica e mental do requerente;<br \/>7 \u2013 Declara\u00e7\u00e3o de idoneidade do requerente, firmada por duas pessoas, com firma reconhecida;<br \/>8 \u2013 Concord\u00e2ncia do c\u00f4njuge do interditando com o pedido, se casado;<br \/>9 \u2013 Prova de parentesco entre requerente e requerido;<br \/>10 \u2013 Esclarecimento quanto a bens e direitos do interditando.<br \/>VOC\u00ca QUER FAZER UMA DECLARA\u00c7\u00c3O DE UNI\u00c3O EST\u00c1VEL?<br \/>UNI\u00c3O EST\u00c1VEL<br \/>Compare\u00e7am com c\u00f3pia da identidade, CPF e comprovante de resid\u00eancia, mais:<br \/>1. Certid\u00e3o de Nascimento (original e c\u00f3pia de cada um)<br \/>2. Certid\u00e3o de Casamento com Divorcio averbado se divorciado (original e c\u00f3pia)<br \/>Divis\u00e3o da Justi\u00e7a Itinerante \u2013 Tel: 3133-3468 e-mail: justicaitinerante@tjrj.jus.br<\/p>\t\t\t\t\t\t\t\t<\/div>\n\t\t\t\t<\/div>\n\t\t\t\t\t<\/div>\n\t\t\t\t<\/div>\n\t\t\t\t<\/div>\n\t\t","protected":false},"excerpt":{"rendered":"<p>\u00a0 \u00a0 \u00a0 \u00a0 \u00a0 \u00a0 \u00a0 \u00a0 \u00a0 \u00a0 \u00a0 \u00a0 \u00a0 \u00a0 \u00a0 \u00a0 \u00a0 \u00a0 \u00a0 \u00a0 \u00a0 \u00a0 \u00a0 \u00a0 \u00a0&hellip;<\/p>\n","protected":false},"author":2,"featured_media":0,"parent":0,"menu_order":0,"comment_status":"closed","ping_status":"closed","template":"","meta":{"footnotes":""},"class_list":["post-11916","page","type-page","status-publish","hentry"],"yoast_head":"<!-- This site is optimized with the Yoast SEO plugin v27.3 - https:\/\/yoast.com\/product\/yoast-seo-wordpress\/ -->\n<title>LEVANDO-CIDADANIA - Prefeitura Municipal de S\u00e3o Jo\u00e3o de Meriti<\/title>\n<meta name=\"robots\" content=\"index, follow, max-snippet:-1, max-image-preview:large, max-video-preview:-1\" \/>\n<link rel=\"canonical\" href=\"https:\/\/meriti.rj.gov.br\/inicio\/levando-cidadania-2\/\" \/>\n<meta property=\"og:locale\" content=\"pt_BR\" \/>\n<meta property=\"og:type\" content=\"article\" \/>\n<meta property=\"og:title\" content=\"LEVANDO-CIDADANIA - Prefeitura Municipal de S\u00e3o Jo\u00e3o de Meriti\" \/>\n<meta property=\"og:description\" content=\"\u00a0 \u00a0 \u00a0 \u00a0 \u00a0 \u00a0 \u00a0 \u00a0 \u00a0 \u00a0 \u00a0 \u00a0 \u00a0 \u00a0 \u00a0 \u00a0 \u00a0 \u00a0 \u00a0 \u00a0 \u00a0 \u00a0 \u00a0 \u00a0 \u00a0&hellip;\" \/>\n<meta property=\"og:url\" content=\"https:\/\/meriti.rj.gov.br\/inicio\/levando-cidadania-2\/\" \/>\n<meta property=\"og:site_name\" content=\"Prefeitura Municipal de S\u00e3o Jo\u00e3o de Meriti\" \/>\n<meta property=\"article:modified_time\" content=\"2024-07-09T20:30:24+00:00\" \/>\n<meta name=\"twitter:card\" content=\"summary_large_image\" \/>\n<meta name=\"twitter:label1\" content=\"Est. tempo de leitura\" \/>\n\t<meta name=\"twitter:data1\" content=\"4 minutos\" \/>\n<script type=\"application\/ld+json\" class=\"yoast-schema-graph\">{\"@context\":\"https:\\\/\\\/schema.org\",\"@graph\":[{\"@type\":\"WebPage\",\"@id\":\"https:\\\/\\\/meriti.rj.gov.br\\\/inicio\\\/levando-cidadania-2\\\/\",\"url\":\"https:\\\/\\\/meriti.rj.gov.br\\\/inicio\\\/levando-cidadania-2\\\/\",\"name\":\"LEVANDO-CIDADANIA - Prefeitura Municipal de S\u00e3o Jo\u00e3o de Meriti\",\"isPartOf\":{\"@id\":\"https:\\\/\\\/meriti.rj.gov.br\\\/inicio\\\/#website\"},\"datePublished\":\"2024-07-09T20:28:36+00:00\",\"dateModified\":\"2024-07-09T20:30:24+00:00\",\"breadcrumb\":{\"@id\":\"https:\\\/\\\/meriti.rj.gov.br\\\/inicio\\\/levando-cidadania-2\\\/#breadcrumb\"},\"inLanguage\":\"pt-BR\",\"potentialAction\":[{\"@type\":\"ReadAction\",\"target\":[\"https:\\\/\\\/meriti.rj.gov.br\\\/inicio\\\/levando-cidadania-2\\\/\"]}]},{\"@type\":\"BreadcrumbList\",\"@id\":\"https:\\\/\\\/meriti.rj.gov.br\\\/inicio\\\/levando-cidadania-2\\\/#breadcrumb\",\"itemListElement\":[{\"@type\":\"ListItem\",\"position\":1,\"name\":\"In\u00edcio\",\"item\":\"https:\\\/\\\/meriti.rj.gov.br\\\/inicio\\\/\"},{\"@type\":\"ListItem\",\"position\":2,\"name\":\"LEVANDO-CIDADANIA\"}]},{\"@type\":\"WebSite\",\"@id\":\"https:\\\/\\\/meriti.rj.gov.br\\\/inicio\\\/#website\",\"url\":\"https:\\\/\\\/meriti.rj.gov.br\\\/inicio\\\/\",\"name\":\"portal.meriti\",\"description\":\"Prefeitura Municipal de S\u00e3o Jo\u00e3o de Meriti\",\"publisher\":{\"@id\":\"https:\\\/\\\/meriti.rj.gov.br\\\/inicio\\\/#organization\"},\"potentialAction\":[{\"@type\":\"SearchAction\",\"target\":{\"@type\":\"EntryPoint\",\"urlTemplate\":\"https:\\\/\\\/meriti.rj.gov.br\\\/inicio\\\/?s={search_term_string}\"},\"query-input\":{\"@type\":\"PropertyValueSpecification\",\"valueRequired\":true,\"valueName\":\"search_term_string\"}}],\"inLanguage\":\"pt-BR\"},{\"@type\":\"Organization\",\"@id\":\"https:\\\/\\\/meriti.rj.gov.br\\\/inicio\\\/#organization\",\"name\":\"Prefeitura Municipal de S\u00e3o Jo\u00e3o de Meriti\",\"url\":\"https:\\\/\\\/meriti.rj.gov.br\\\/inicio\\\/\",\"logo\":{\"@type\":\"ImageObject\",\"inLanguage\":\"pt-BR\",\"@id\":\"https:\\\/\\\/meriti.rj.gov.br\\\/inicio\\\/#\\\/schema\\\/logo\\\/image\\\/\",\"url\":\"https:\\\/\\\/meriti.rj.gov.br\\\/inicio\\\/wp-content\\\/uploads\\\/2023\\\/04\\\/cropped-logo.png\",\"contentUrl\":\"https:\\\/\\\/meriti.rj.gov.br\\\/inicio\\\/wp-content\\\/uploads\\\/2023\\\/04\\\/cropped-logo.png\",\"width\":512,\"height\":512,\"caption\":\"Prefeitura Municipal de S\u00e3o Jo\u00e3o de Meriti\"},\"image\":{\"@id\":\"https:\\\/\\\/meriti.rj.gov.br\\\/inicio\\\/#\\\/schema\\\/logo\\\/image\\\/\"}}]}<\/script>\n<!-- \/ Yoast SEO plugin. -->","yoast_head_json":{"title":"LEVANDO-CIDADANIA - Prefeitura Municipal de S\u00e3o Jo\u00e3o de Meriti","robots":{"index":"index","follow":"follow","max-snippet":"max-snippet:-1","max-image-preview":"max-image-preview:large","max-video-preview":"max-video-preview:-1"},"canonical":"https:\/\/meriti.rj.gov.br\/inicio\/levando-cidadania-2\/","og_locale":"pt_BR","og_type":"article","og_title":"LEVANDO-CIDADANIA - Prefeitura Municipal de S\u00e3o Jo\u00e3o de Meriti","og_description":"\u00a0 \u00a0 \u00a0 \u00a0 \u00a0 \u00a0 \u00a0 \u00a0 \u00a0 \u00a0 \u00a0 \u00a0 \u00a0 \u00a0 \u00a0 \u00a0 \u00a0 \u00a0 \u00a0 \u00a0 \u00a0 \u00a0 \u00a0 \u00a0 \u00a0&hellip;","og_url":"https:\/\/meriti.rj.gov.br\/inicio\/levando-cidadania-2\/","og_site_name":"Prefeitura Municipal de S\u00e3o Jo\u00e3o de Meriti","article_modified_time":"2024-07-09T20:30:24+00:00","twitter_card":"summary_large_image","twitter_misc":{"Est. tempo de leitura":"4 minutos"},"schema":{"@context":"https:\/\/schema.org","@graph":[{"@type":"WebPage","@id":"https:\/\/meriti.rj.gov.br\/inicio\/levando-cidadania-2\/","url":"https:\/\/meriti.rj.gov.br\/inicio\/levando-cidadania-2\/","name":"LEVANDO-CIDADANIA - Prefeitura Municipal de S\u00e3o Jo\u00e3o de Meriti","isPartOf":{"@id":"https:\/\/meriti.rj.gov.br\/inicio\/#website"},"datePublished":"2024-07-09T20:28:36+00:00","dateModified":"2024-07-09T20:30:24+00:00","breadcrumb":{"@id":"https:\/\/meriti.rj.gov.br\/inicio\/levando-cidadania-2\/#breadcrumb"},"inLanguage":"pt-BR","potentialAction":[{"@type":"ReadAction","target":["https:\/\/meriti.rj.gov.br\/inicio\/levando-cidadania-2\/"]}]},{"@type":"BreadcrumbList","@id":"https:\/\/meriti.rj.gov.br\/inicio\/levando-cidadania-2\/#breadcrumb","itemListElement":[{"@type":"ListItem","position":1,"name":"In\u00edcio","item":"https:\/\/meriti.rj.gov.br\/inicio\/"},{"@type":"ListItem","position":2,"name":"LEVANDO-CIDADANIA"}]},{"@type":"WebSite","@id":"https:\/\/meriti.rj.gov.br\/inicio\/#website","url":"https:\/\/meriti.rj.gov.br\/inicio\/","name":"portal.meriti","description":"Prefeitura Municipal de S\u00e3o Jo\u00e3o de Meriti","publisher":{"@id":"https:\/\/meriti.rj.gov.br\/inicio\/#organization"},"potentialAction":[{"@type":"SearchAction","target":{"@type":"EntryPoint","urlTemplate":"https:\/\/meriti.rj.gov.br\/inicio\/?s={search_term_string}"},"query-input":{"@type":"PropertyValueSpecification","valueRequired":true,"valueName":"search_term_string"}}],"inLanguage":"pt-BR"},{"@type":"Organization","@id":"https:\/\/meriti.rj.gov.br\/inicio\/#organization","name":"Prefeitura Municipal de S\u00e3o Jo\u00e3o de Meriti","url":"https:\/\/meriti.rj.gov.br\/inicio\/","logo":{"@type":"ImageObject","inLanguage":"pt-BR","@id":"https:\/\/meriti.rj.gov.br\/inicio\/#\/schema\/logo\/image\/","url":"https:\/\/meriti.rj.gov.br\/inicio\/wp-content\/uploads\/2023\/04\/cropped-logo.png","contentUrl":"https:\/\/meriti.rj.gov.br\/inicio\/wp-content\/uploads\/2023\/04\/cropped-logo.png","width":512,"height":512,"caption":"Prefeitura Municipal de S\u00e3o Jo\u00e3o de Meriti"},"image":{"@id":"https:\/\/meriti.rj.gov.br\/inicio\/#\/schema\/logo\/image\/"}}]}},"_links":{"self":[{"href":"https:\/\/meriti.rj.gov.br\/inicio\/wp-json\/wp\/v2\/pages\/11916","targetHints":{"allow":["GET"]}}],"collection":[{"href":"https:\/\/meriti.rj.gov.br\/inicio\/wp-json\/wp\/v2\/pages"}],"about":[{"href":"https:\/\/meriti.rj.gov.br\/inicio\/wp-json\/wp\/v2\/types\/page"}],"author":[{"embeddable":true,"href":"https:\/\/meriti.rj.gov.br\/inicio\/wp-json\/wp\/v2\/users\/2"}],"replies":[{"embeddable":true,"href":"https:\/\/meriti.rj.gov.br\/inicio\/wp-json\/wp\/v2\/comments?post=11916"}],"version-history":[{"count":4,"href":"https:\/\/meriti.rj.gov.br\/inicio\/wp-json\/wp\/v2\/pages\/11916\/revisions"}],"predecessor-version":[{"id":11920,"href":"https:\/\/meriti.rj.gov.br\/inicio\/wp-json\/wp\/v2\/pages\/11916\/revisions\/11920"}],"wp:attachment":[{"href":"https:\/\/meriti.rj.gov.br\/inicio\/wp-json\/wp\/v2\/media?parent=11916"}],"curies":[{"name":"wp","href":"https:\/\/api.w.org\/{rel}","templated":true}]}}